*l + 18 = 0. Suppose -d - l = 2*q - 3*q, 3*q - d = 14. Suppose 3*p + q*i + 82 = 6*p, -4*i + 8 = 0. What are the prime factors of p?
2, 3, 5
Let y = 227 + -162. What are the prime factors of y?
5, 13
What are the prime factors of (3/1)/((-282)/(-151058))?
1607
Suppose 0 = 4*k + c - 3526, k + c - 872 = -4*c. List the prime factors of k.
2, 3, 7
Suppose -71 = -4*k + 37. Let s = 24 + k. Suppose -s = 2*u - 5*u. What are the prime factors of u?
17
Suppose 2*z + 446 = 5*c, 0 = 2*c - 7*c - 10. Let i = z + 319. List the prime factors of i.
7, 13
List the prime factors of 3/(-33) + 25830/22.
2, 587
Let x(l) = -2 + 9 - 3*l + 2*l. Suppose 18 + 2 = -4*y. List the prime factors of x(y).
2, 3
Suppose -328 = 18*r - 1462. What are the prime factors of r?
3, 7
Let d = -12 + 14. Suppose d*m - 2 = -4*s, -17 = 3*m - s - 48. List the prime factors of m.
3
Let v be (-2 - (-72 + -3)) + 0. What are the prime factors of v/6 - 14/84?
2, 3
Suppose -v + 23 = 3*l, 0 = -5*l - v + 16 + 21. Suppose 0 = h - l - 37. List the prime factors of h.
2, 11
Let d(z) = -115*z + 122. List the prime factors of d(-8).
2, 521
Let l be (1 + 0 + -1)/(-4) - -4. Suppose -3*g = 3*d + 2*d + 10032, -5*g = 5*d + 10030. What are the prime factors of d/(-33) + l/22?
61
Let y be ((-501)/9 - 3)/((-3)/18). Suppose -5*c = m - 128, 3*m + c - y = 2*c. List the prime factors of m.
2, 59
Let d = -13 + 7. Suppose -2*y + y + 39 = 2*g, -5*y + 217 = -g. Let s = d + y. What are the prime factors of s?
37
Let t = 624 - 349. Suppose -2*j - t = -7*j. What are the prime factors of j?
5, 11
Let n = 102 + -3. What are the prime factors of n?
3, 11
Suppose 0 = 5*k + 106 + 49. Let o(w) = -w**3 - 27*w**2 - w + 41. Let h be o(-27). Let y = h + k. List the prime factors of y.
37
Let b = -32 + 35. Suppose 0 = b*j + 4*j - 1484. Suppose u = -3*u + j. What are the prime factors of u?
53
Let i(s) = -2*s - 8. Let t be i(-5). Suppose t*p - 233 = -27. What are the prime factors of p?
103
Suppose -5*u + 55 = 5*n, 4*n - 17 = 2*n + 3*u. Suppose 4*f + n = -0*p - p, -f + 2*p = 7. What are the prime factors of (-58)/f - (-1)/(-3)?
19
Let f be 4/8*-1*(0 - 4). List the prime factors of ((-68)/12 - f/(-3))*-16.
2, 5
Suppose -2*y - 2111 + 5229 = -2*f, 3*f + 3123 = 2*y. List the prime factors of y.
2, 3, 7, 37
Let p = -1382 - -1551. List the prime factors of p.
13
Let u(q) be the second derivative of 19*q**4/8 - q**3/6 - 4*q**2 + 12*q. Let a(v) be the first derivative of u(v). List the prime factors of a(1).
2, 7
Let d(x) = -8*x**3 - 5*x**2 + 55*x + 9. List the prime factors of d(-8).
3, 5, 223
Suppose -2*a + 35 = 3*w, -60 + 9 = -3*a - 5*w. Let h = a + 20. List the prime factors of h.
2, 3, 7
Let m = 225 - 134. Suppose s - m = -30. Let g = -36 + s. List the prime factors of g.
5
Let r = 1 + 3. Let g = -152 + 155. Suppose 4*b + 70 = g*x, 4*x = r*b + 37 + 63. What are the prime factors of x?
2, 3, 5
Suppose -270 = -o - 2*c, -2*c = -2*o + 4*o - 544. List the prime factors of o.
2, 137
Let h(z) = 8*z**2 - 18*z - 91. List the prime factors of h(12).
5, 13
Let d = 865 - -535. What are the prime factors of d?
2, 5, 7
Let a = 3223 - 2225. List the prime factors of a.
2, 499
Let d(m) = -m**3 - 22*m**2 - 20*m + 17. Let k be d(-21). What are the prime factors of k/(-14) - (-47)/7?
7
Let t = -705 + 1150. What are the prime factors of t?
5, 89
What are the prime factors of (2 - 1217)/(0 + (-15)/10)?
2, 3, 5
Suppose -k = -5*n + 28 + 1, 3*k = -2*n - 2. Suppose 554 = 5*j - n*c - 6, -2*j + 3*c + 226 = 0. What are the prime factors of j?
2, 5, 11
Suppose 4*z + 6*n + 1092 = 10*n, 5*z = 2*n - 1368. Let f = z - -560. What are the prime factors of f?
2, 11, 13
Let t be 4*((5 - 2) + -2). Suppose -i + 10 = -5*k - 10, -5*i + 37 = -t*k. Suppose i*s = 7*s - 46. What are the prime factors of s?
23
Suppose -21*t + 17*t = 5*d - 12753, 0 = -2*t + 2*d + 6390. What are the prime factors of t?
2, 3, 7, 19
Let c(h) = 4*h + 5. Let d(o) = -7*o - 11. Let j(t) = -9*c(t) - 4*d(t). List the prime factors of j(-2).
3, 5
Let r = 380 + 164. Let g = r - 372. What are the prime factors of g?
2, 43
Suppose 3*n + 11 + 15 = 2*i, 16 = 4*i. Let h(w) be the second derivative of -2*w**3/3 + 13*w**2/2 + 22*w - 1. What are the prime factors of h(n)?
37
Let d(w) = 3*w + 16. What are the prime factors of d(9)?
43
Let i(s) = s + 15. Let l be i(-12). Let a be (-1)/1 + 7 + 2. Suppose a = -2*c + l*c. List the prime factors of c.
2
Suppose 0 = 3*q - 6, 5*q = r + q - 645. List the prime factors of r.
653
Suppose -4*q - q + 750 = 0. What are the prime factors of q?
2, 3, 5
Let v = 142 + 236. What are the prime factors of v?
2, 3, 7
Let z(a) = 6*a**2 + 3*a - 1. Let h be z(1). Suppose 4*v - 72 = -h*v. What are the prime factors of v?
2, 3
Let n be (-1)/((-2)/10) + -3 + -124. Let x = n - -212. List the prime factors of x.
2, 3, 5
Suppose -3*x - 150 = -4*x. Let m = x + -89. Let a = 1 + m. What are the prime factors of a?
2, 31
Let f = -5 + 5. Suppose -4*c - s - 21 = f, -4*c - 19 = 3*s + 4. Let z = c + 22. What are the prime factors of z?
17
Suppose t = 2*q + 5, 2*q + 0*q + t - 5 = 0. Suppose -8*a + 5*a + 6 = q. List the prime factors of -6*(a - 84/9).
2, 11
Suppose -524*x + 539*x - 55200 = 0. What are the prime factors of x?
2, 5, 23
Let l = -1393 + 1939. List the prime factors of l.
2, 3, 7, 13
Let y be (-10)/(-4)*36/30*11. What are the prime factors of (-10150)/(-77) + 6/y?
2, 3, 11
Suppose -p + 0*p = 2*j - 8, -2*j - 3*p = 0. Let t = -3 + j. Suppose -3*s + 39 = t*z - 27, -s = 5*z - 6. List the prime factors of s.
2, 13
Let w be -4*((-6)/(-27) - (-210)/27). Let y = 137 + w. What are the prime factors of y?
3, 5, 7
Let r = 226 + -100. Suppose -4*c + c + r = 0. What are the prime factors of c?
2, 3, 7
Let r(a) = -5*a - 2. Let b(w) = -1. Let h(m) = -2*b(m) + r(m). Let s be h(-1). Suppose -s*y + 83 = 3. List the prime factors of y.
2
Let v(c) = -2*c - 10. Let w(x) = 5*x + 20. Suppose 5*l + 9 = 2*l. Let j(u) = l*w(u) - 7*v(u). What are the prime factors of j(7)?
3
Let u = -159 + 280. What are the prime factors of u?
11
Let c(r) be the second derivative of -r**4/12 + 17*r**3/6 - 3*r**2 + 2*r. What are the prime factors of c(7)?
2
Suppose 0 = 6*b + 6 - 12. List the prime factors of 6184/40 - b/(15/9).
2, 7, 11
Suppose 5*x - 5*f - 137 = 1253, 3*f - 1147 = -4*x. What are the prime factors of x?
283
Let m(o) = 2*o**2 - 12*o - 3. Let t be m(10). Let z = t - 120. Let x = z - -79. What are the prime factors of x?
2, 3
Let d = -295 + 423. What are the prime factors of d?
2
Let s(k) = 9*k + 8. Let v(f) = 13*f + 12. Let q(x) = -8*s(x) + 5*v(x). Let y be q(-4). Let c = y + -13. What are the prime factors of c?
11
What are the prime factors of -6 + -5073*(-3)/9?
5, 337
Suppose 1 = -2*k + 9. Suppose 0 = -k*i + 5*n + 12, i + 4*n = -0*n - 18. What are the prime factors of (-4 - i)/(-4)*90?
3, 5
Suppose -2*w + 13*j = 8*j - 1557, -4*j - 1558 = -2*w. List the prime factors of w.
11, 71
Suppose -3*i - 2*q = 2 + 3, -3*i + q = -7. What are the prime factors of (-27)/(8/(-5 + i) + 1)?
3
Let r(d) = 2*d**2 - 12*d - 1. Suppose 2*b + 2*b + 24 = -4*g, 5*b - 5*g - 10 = 0. Let t(c) = c**2 - c + 1. Let s be t(b). What are the prime factors of r(s)?
13
Let p be (-5)/5 + -1 + 10 + -2. Suppose -14*d = -p*d - 952. What are the prime factors of d?
7, 17
Let b be -4 - 11/((-22)/6). Let j(a) be the second derivative of -7*a**5/10 + a**2/2 - a. What are the prime factors of j(b)?
3, 5
List the prime factors of ((-130)/104)/((-1)/428).
5, 107
Suppose -2*o = -o - 5. Let b(k) = k**2 - 3*k + 2. Let t be b(o). Let s = t + -10. What are the prime factors of s?
2
Suppose 25 = h - 23. Let k = h - 22. List the prime factors of k.
2, 13
List the prime factors of -1*-1*(-3 - -362).
359
Suppose t - 1582 = -16*o + 12*o, -5*o = 4*t - 6306. What are the prime factors of t?
2, 787
What are the prime factors of (-56 - -5)*(-6)/(108/1770)?
5, 17, 59
Suppose 0 = -4*k + 38 + 10. Let g = -136 + 126. Let o = g + k. What are the prime factors of o?
2
Suppose -17707 = -5*z + 2668. List the prime factors of z.
5, 163
Suppose 0 = 4*j - 8, -4*k + 3*j + 6 = -2*j. What are the prime factors of k?
2
Let h = 31 - 14. Suppose -h = -4*k + 3*w - 4, -14 = -4*k + 2*w. Let x(r) = r**3 - 4*r**2 + 2*r + 6. What are the prime factors of x(k)?
2, 7
List the prime factors of ((-28)/(-4)